z**2 + 19215*z - 771808. What is v(40)?
-8
Let u(v) = 9*v**3 + 705*v**2 - 7657*v - 86. Give u(-88).
2
Let w(a) = 1431*a**2 + 4106*a - 13. What is w(-3)?
548
Let m(c) = -2*c**3 - 77*c**2 - 84*c - 118. Determine m(-36).
-3574
Let c(a) = -127*a + 2197. What is c(20)?
-343
Let x(p) = -2*p**3 + 3*p**2 + 4*p + 50. Determine x(5).
-105
Let l(r) = r**3 - 35*r**2 - 720*r + 26111. Give l(32).
-1
Let l(s) = -4*s**3 + 19*s**2 - 5*s - 164. Determine l(7).
-640
Let r(a) = a**3 + 124*a**2 + 2844*a + 1361. Give r(-30).
641
Let p(i) = -193609*i - 38721812. Give p(-200).
-12
Let y(x) = -x**3 - 225*x**2 + 15*x + 4521. Give y(-225).
1146
Let n(a) = a**3 + 60*a**2 + 463*a + 258. Determine n(-51).
54
Let a(o) = o**3 - 62*o**2 + 792*o + 1092. Calculate a(43).
17
Let c(n) = -17*n**3 - 736*n**2 - 218*n + 116. Determine c(-43).
245
Let h(u) = -61*u**2 + 285*u - 5. What is h(7)?
-999
Let r(c) = -137*c**2 - 12768*c - 2242. Calculate r(-93).
269
Let d(s) = -30*s**3 - 194*s**2 + 8*s - 53. Calculate d(-7).
675
Let y(o) = o**3 + 4*o**2 + 5*o + 53. Calculate y(-6).
-49
Let t(z) = z**3 - 19*z**2 - 20*z - 1. Calculate t(20).
-1
Let p(l) = -4332*l - 10807. Give p(-3).
2189
Let w(f) = 87*f**2 + 652*f + 337. Calculate w(-7).
36
Let t(g) = -g**3 - 78*g**2 + 87*g + 905. Calculate t(-79).
273
Let m(o) = 120865*o - 17041959. Give m(141).
6
Let h(q) = 10*q**2 - 308*q + 2522. Give h(20).
362
Let i(u) = 35*u**2 + 43*u - 49. Determine i(9).
3173
Let r(m) = 2520*m**2 + 7444*m - 344. Calculate r(-3).
4
Let p(i) = -6*i**2 - 389*i - 1407. Determine p(-4).
53
Let c(d) = -1420*d + 29704. Give c(21).
-116
Let m(r) = r**3 - 325*r**2 + 1297*r + 96956. What is m(320)?
-4
Let r(u) = -u**3 + 44*u**2 - 53*u + 297. Give r(43).
-133
Let r(w) = -21*w**2 + 3*w + 377. Determine r(0).
377
Let n(s) = -s**3 + 70*s**2 - 266*s + 735. What is n(66)?
603
Let u(n) = n**2 + 112*n - 5135. Determine u(-147).
10
Let z(j) = 1292*j - 59214. Give z(46).
218
Let o(c) = -7245*c - 50473. Determine o(-7).
242
Let g(b) = -2*b**3 + 13*b**2 + 2542*b + 14341. Calculate g(-6).
-11
Let k(f) = 55*f**3 - 7460*f**2 + 7476*f - 15. Calculate k(1).
56
Let x(h) = -107892*h - 3992002. Give x(-37).
2
Let i(p) = 37422*p - 5126816. Give i(137).
-2
Let x(k) = -44473*k + 311389. Calculate x(7).
78
Let v(d) = 210*d + 759. Calculate v(-4).
-81
Let k(t) = -3*t**3 + 193*t**2 + 123*t + 468. Give k(65).
13
Let t(f) = f**3 + 32*f**2 - 139*f - 3038. Give t(-28).
3990
Let s(a) = -a**3 - 50*a**2 - 214*a + 6520. What is s(-18)?
4
Let m(c) = -16329*c - 522554. Give m(-32).
-26
Let c(b) = -2*b**3 - 22*b**2 - 33*b + 30. Calculate c(-3).
-15
Let h(b) = b**3 - 53*b**2 + 371*b - 283. Calculate h(45).
212
Let g(i) = -4951*i - 1564518. What is g(-316)?
-2
Let b(g) = -3544*g + 648541. What is b(183)?
-11
Let l(g) = -16620*g - 132346. Determine l(-8).
614
Let x(r) = -68262*r - 2798741. Determine x(-41).
1
Let d(o) = o**3 - 29*o**2 - 70*o + 1524. Calculate d(30).
324
Let v(a) = 292447*a + 2339558. Give v(-8).
-18
Let w(h) = -29*h**2 - 8063*h + 7885. Calculate w(-279).
73
Let t(y) = -10*y**2 - 246*y - 1137. Give t(-19).
-73
Let d(t) = 390692*t + 3125530. Determine d(-8).
-6
Let r(y) = -87088*y + 1306377. Calculate r(15).
57
Let a(l) = 152624*l + 152615. Give a(-1).
-9
Let s(u) = -310*u**2 + 2645*u - 65. Calculate s(8).
1255
Let w(h) = -107611*h + 645644. Determine w(6).
-22
Let k(n) = 30*n**2 + 1103*n + 10140. Give k(-18).
6
Let x(l) = -4712*l + 51694. Determine x(11).
-138
Let g(o) = -o**3 + 13*o**2 + 684*o - 5952. What is g(8)?
-160
Let q(g) = -2*g**3 + 151*g**2 - 697*g - 2338. What is q(70)?
2772
Let f(g) = -g**3 + 4*g**2 + 181*g - 834. What is f(5)?
46
Let l(t) = -t**2 - 164*t - 3856. What is l(-136)?
-48
Let u(h) = -560*h**2 + 7279*h + 9. Give u(13).
-4
Let m(k) = -2*k**3 + 291*k**2 - 3083*k + 231. Calculate m(134).
97
Let x(v) = 11*v**2 - 2080*v - 91758. Calculate x(226).
-2
Let t(p) = -5*p**2 + 37*p + 2512. Calculate t(24).
520
Let r(z) = -2*z**3 + 47*z**2 + 58*z + 27. What is r(24)?
843
Let d(m) = 15*m**3 - 21*m**2 + 13*m + 6. Calculate d(2).
68
Let k(p) = 25*p**2 + 563*p - 8117. Give k(10).
13
Let z(p) = p**3 - 46*p**2 + 55*p - 763. Determine z(45).
-313
Let s(g) = 759*g + 1145. Determine s(-2).
-373
Let b(n) = -7296*n**2 + 80238*n + 114. Determine b(11).
-84
Let c(f) = 2*f**3 + 31*f**2 - 117*f + 5. Give c(-19).
-299
Let c(t) = t**3 - 16*t**2 + 26*t + 23. Determine c(16).
439
Let p(s) = 120*s + 15948. Calculate p(-130).
348
Let n(q) = -2193*q + 10975. What is n(5)?
10
Let d(j) = -4136*j - 5482. Determine d(-1).
-1346
Let v(g) = -g**2 - 18*g + 32580. Determine v(-193).
-1195
Let y(g) = 11*g**3 - 1433*g**2 + 376*g + 1807. Determine y(130).
-13
Let l(r) = -r**3 - 30*r**2 - 73*r - 454. Calculate l(-28).
22
Let t(f) = -431*f + 8167. Calculate t(19).
-22
Let l(v) = -27619*v + 276316. Give l(10).
126
Let j(a) = a**3 + 513*a**2 - 19174*a + 3333. What is j(-548)?
45
Let n(r) = 397*r - 69124. Calculate n(174).
-46
Let p(h) = -19731*h + 19725. Give p(1).
-6
Let h(q) = 8*q**3 + 329*q**2 - 79*q - 5481. Calculate h(-41).
-561
Let a(b) = 32641*b - 130552. What is a(4)?
12
Let r(i) = -6237*i - 25025. What is r(-4)?
-77
Let x(n) = -3268*n - 19078. Determine x(-6).
530
Let q(w) = -w**3 + 19*w**2 + 1314*w - 2184. What is q(-29)?
78
Let c(q) = -20395*q - 305942. Give c(-15).
-17
Let q(t) = t**3 - 6*t**2 - 334*t - 1163. What is q(-4)?
13
Let q(n) = n**3 + 112*n**2 - 2648*n - 1036. What is q(-132)?
20
Let g(f) = -1112*f - 4718. Calculate g(-4).
-270
Let g(r) = -2*r**3 - 57*r**2 - 272*r - 116. Give g(-25).
2309
Let g(c) = 355*c - 15583. Give g(44).
37
Let l(w) = 14*w**3 + 152*w**2 + 327*w + 67. Calculate l(-8).
11
Let n(k) = k**3 + 112*k**2 - 27*k - 3027. What is n(-112)?
-3
Let l(c) = 2077*c**2 - 16630*c + 114. Give l(8).
2
Let s(o) = 3*o**3 - 230*o**2 - 543*o - 771. Give s(79).
19
Let f(v) = 2*v**2 + 66908*v + 1203704. What is f(-18)?
8
Let i(n) = -n**3 + 74*n**2 - 1555*n + 122264. Determine i(75).
14
Let z(w) = -19*w**2 + 1774*w - 3552. Give z(2).
-80
Let s(k) = -13*k**2 - 299*k + 6091. Calculate s(-36).
7
Let j(k) = 2*k**2 + 1865*k + 20336. Determine j(-11).
63
Let g(t) = -27*t**2 - 4065*t + 5875. What is g(-152)?
-53
Let j(u) = 2*u**2 - 299*u - 208778. Give j(-257).
163
Let d(f) = 4*f**2 - 1179*f + 86661. Determine d(140).
1
Let f(h) = -4400*h + 13201. Give f(3).
1
Let x(n) = 13*n**2 - 1158*n + 4502. Calculate x(85).
-3
Let f(j) = -37478*j + 299855. Determine f(8).
31
Let o(u) = -18*u**3 - 14*u**2 - 106*u + 584. What is o(5)?
-2546
Let n(o) = -o**3 - 7*o**2 - 365*o - 2521. Give n(-7).
34
Let j(y) = -944*y - 46691. Determine j(-50).
509
Let q(i) = -246*i**2 - 1238*i - 149. What is q(-5)?
-109
Let c(m) = -834208*m - 2502616. Determine c(-3).
8
Let i(f) = -732836*f - 19786566. What is i(-27)?
6
Let s(a) = a**2 + 107*a + 3805. What is s(-67)?
1125
Let d(a) = 2*a**3 - 242*a**2 + 5697*a - 218. Determine d(89).
-129
Let z(i) = 3*i**2 + 621*i + 17283. Determine z(-168).
-2373
Let l(v) = -17*v**2 + 132*v + 112. What is l(8)?
80
Let d(r) = -39*r**2 - 690*r + 4067. Calculate d(6).
-1477
Let u(a) = a**3 - 221*a**2 + 629*a + 5830. Determine u(218).
380
Let x(b) = -17*b**3 - 163*b**2 + 88*b + 36. What is x(-10)?
-144
Let x(r) = 38*r**2 - 171*r + 71. Calculate x(3).
-100
Let m(p) = 3975*p - 165. Determine m(0).
-165
Let x(f) = -6*f**2 - 1513*f + 15736. What is x(10)?
6
Let j(m) = -1440*m + 1176457. Determine j(817).
-23
Let z(f) = 13469*f + 471405. Give z(-35).
-10
Let j(k) = -112*k**3 - 14*k**2 + 23*k - 4. What is j(2)?
-910
Let o(h) = -h**3 - 123*h**2 + 3721*h + 33. Determine o(25).
558
Let f(z) = 2*z**2 - 261422*z - 1830013. Calculate f(-7).
39
Let m(j) = 114*j - 7487. Give m(77).
1291
Let n(x) = 7149*x + 26654. What is n(-4)?
-1942
Let c(p) = -5*p**2 + 1470*p - 381. Determine c(294).
-381
Let l(u) = -42028*u - 294429. Give l(-7).
-233
Let j(m) = -2*m**3 + 64*m**2 - 178*m - 16. Calculate j(28).
1272
Let t(g) = -g**3 + 146*g**2 - 996*g - 875. What is t(8)?
-11
Let s(z) = -3*z**2 + 2*z + 10. Calculate s(18).
-926
Let m(z) = -2*z**3 + 236*z**2 + 1486*z + 236. Calculate m(124).
-12
Let q(k) = -50419*k - 252391. Determine q(-5).
-296
Let z(b) = -24*b**2 + 426*b + 1769. What is z(-4)?
-319
Let y(f) = -106*f + 37011. Calculate y(351).
-195
Let i(n) = 2*n**3 + 164*n**2 + 258*n - 5195. What